{"version":"1.0","provider_name":"Associazione Culturale Civilt\u00e0 Laica","provider_url":"https:\/\/www.civiltalaica.it\/cms","title":"About: la settima musa - Associazione Culturale Civilt\u00e0 Laica","type":"rich","width":600,"height":338,"html":"<blockquote class=\"wp-embedded-content\" data-secret=\"2hpWV8BhGv\"><a href=\"https:\/\/www.civiltalaica.it\/cms\/about-la-settima-musa\/\">About: la settima musa<\/a><\/blockquote><iframe sandbox=\"allow-scripts\" security=\"restricted\" src=\"https:\/\/www.civiltalaica.it\/cms\/about-la-settima-musa\/embed\/#?secret=2hpWV8BhGv\" width=\"600\" height=\"338\" title=\"&#8220;About: la settima musa&#8221; &#8212; Associazione Culturale Civilt\u00e0 Laica\" data-secret=\"2hpWV8BhGv\" frameborder=\"0\" marginwidth=\"0\" marginheight=\"0\" scrolling=\"no\" class=\"wp-embedded-content\"><\/iframe><script type=\"text\/javascript\">\n\/* <![CDATA[ *\/\n\/*! This file is auto-generated *\/\n!function(d,l){\"use strict\";l.querySelector&&d.addEventListener&&\"undefined\"!=typeof URL&&(d.wp=d.wp||{},d.wp.receiveEmbedMessage||(d.wp.receiveEmbedMessage=function(e){var t=e.data;if((t||t.secret||t.message||t.value)&&!\/[^a-zA-Z0-9]\/.test(t.secret)){for(var s,r,n,a=l.querySelectorAll('iframe[data-secret=\"'+t.secret+'\"]'),o=l.querySelectorAll('blockquote[data-secret=\"'+t.secret+'\"]'),c=new RegExp(\"^https?:$\",\"i\"),i=0;i<o.length;i++)o[i].style.display=\"none\";for(i=0;i<a.length;i++)s=a[i],e.source===s.contentWindow&&(s.removeAttribute(\"style\"),\"height\"===t.message?(1e3<(r=parseInt(t.value,10))?r=1e3:~~r<200&&(r=200),s.height=r):\"link\"===t.message&&(r=new URL(s.getAttribute(\"src\")),n=new URL(t.value),c.test(n.protocol))&&n.host===r.host&&l.activeElement===s&&(d.top.location.href=t.value))}},d.addEventListener(\"message\",d.wp.receiveEmbedMessage,!1),l.addEventListener(\"DOMContentLoaded\",function(){for(var e,t,s=l.querySelectorAll(\"iframe.wp-embedded-content\"),r=0;r<s.length;r++)(t=(e=s[r]).getAttribute(\"data-secret\"))||(t=Math.random().toString(36).substring(2,12),e.src+=\"#?secret=\"+t,e.setAttribute(\"data-secret\",t)),e.contentWindow.postMessage({message:\"ready\",secret:t},\"*\")},!1)))}(window,document);\n\/\/# sourceURL=https:\/\/www.civiltalaica.it\/cms\/wp-includes\/js\/wp-embed.min.js\n\/* ]]> *\/\n<\/script>\n","thumbnail_url":"https:\/\/www.civiltalaica.it\/cms\/wp-content\/uploads\/2018\/09\/settima-musa.jpg","thumbnail_width":580,"thumbnail_height":350,"description":"voto: 7.2\/10 [attenzione spoiler] Jaume Balageur\u00f2 \u00e8 noto per la serie cult di Rec, diventata un must per ogni horrorofilo che si rispetti. Prima di quella serie per\u00f2 aveva realizzato un ottimo film dal titolo \u201cFragile\u201d e con questo \u201cLa settima musa\u201d torna a un horror pi\u00f9 soft e delicato che sfocia nel fantasy e [&hellip;]"}

Associazione Culturale Civiltà Laica

About: la settima musa - Associazione Culturale Civiltà Laica

<blockquote class="wp-embedded-content" data-secret="2hpWV8BhGv"><a href="https://www.civiltalaica.it/cms/about-la-settima-musa/">About: la settima musa</a></blockquote><iframe sandbox="allow-scripts" security="restricted" src="https://www.civiltalaica.it/cms/about-la-settima-musa/embed/#?secret=2hpWV8BhGv" width="600" height="338" title="&#8220;About: la settima musa&#8221; &#8212; Associazione Culturale Civiltà Laica" data-secret="2hpWV8BhGv" frameborder="0" marginwidth="0" marginheight="0" scrolling="no" class="wp-embedded-content"></iframe><script type="text/javascript">
/* <![CDATA[ */
/*! This file is auto-generated */
!function(d,l){"use strict";l.querySelector&&d.addEventListener&&"undefined"!=typeof URL&&(d.wp=d.wp||{},d.wp.receiveEmbedMessage||(d.wp.receiveEmbedMessage=function(e){var t=e.data;if((t||t.secret||t.message||t.value)&&!/[^a-zA-Z0-9]/.test(t.secret)){for(var s,r,n,a=l.querySelectorAll('iframe[data-secret="'+t.secret+'"]'),o=l.querySelectorAll('blockquote[data-secret="'+t.secret+'"]'),c=new RegExp("^https?:$","i"),i=0;i<o.length;i++)o[i].style.display="none";for(i=0;i<a.length;i++)s=a[i],e.source===s.contentWindow&&(s.removeAttribute("style"),"height"===t.message?(1e3<(r=parseInt(t.value,10))?r=1e3:~~r<200&&(r=200),s.height=r):"link"===t.message&&(r=new URL(s.getAttribute("src")),n=new URL(t.value),c.test(n.protocol))&&n.host===r.host&&l.activeElement===s&&(d.top.location.href=t.value))}},d.addEventListener("message",d.wp.receiveEmbedMessage,!1),l.addEventListener("DOMContentLoaded",function(){for(var e,t,s=l.querySelectorAll("iframe.wp-embedded-content"),r=0;r<s.length;r++)(t=(e=s[r]).getAttribute("data-secret"))||(t=Math.random().toString(36).substring(2,12),e.src+="#?secret="+t,e.setAttribute("data-secret",t)),e.contentWindow.postMessage({message:"ready",secret:t},"*")},!1)))}(window,document);
//# sourceURL=https://www.civiltalaica.it/cms/wp-includes/js/wp-embed.min.js
/* ]]> */
</script>

voto: 7.2/10 [attenzione spoiler] Jaume Balageurò è noto per la serie cult di Rec, diventata un must per ogni horrorofilo che si rispetti. Prima di quella serie però aveva realizzato un ottimo film dal titolo “Fragile” e con questo “La settima musa” torna a un horror più soft e delicato che sfocia nel fantasy e [&hellip;]
